{"id":958,"date":"2021-05-09T10:14:22","date_gmt":"2021-05-09T08:14:22","guid":{"rendered":"https:\/\/www.casavivagarda.com\/camere-ecosostenibili\/la-vite\/"},"modified":"2024-10-07T15:22:50","modified_gmt":"2024-10-07T13:22:50","slug":"zimmer-la-vite","status":"publish","type":"portfolio","link":"https:\/\/www.casavivagarda.com\/de\/naturzimmer\/zimmer-la-vite\/","title":{"rendered":"La Vite"},"content":{"rendered":"\n<div class=\"wp-block-jetpack-layout-grid column1-desktop-grid__span-5 column1-desktop-grid__row-1 column2-desktop-grid__span-5 column2-desktop-grid__start-7 column2-desktop-grid__row-1 column1-tablet-grid__span-4 column1-tablet-grid__row-1 column2-tablet-grid__span-4 column2-tablet-grid__start-5 column2-tablet-grid__row-1 column1-mobile-grid__span-4 column1-mobile-grid__row-1 column2-mobile-grid__span-4 column2-mobile-grid__row-2 wp-block-jetpack-layout-gutter__nowrap wp-block-jetpack-layout-gutter__medium\">\n<div class=\"wp-block-jetpack-layout-grid-column wp-block-jetpack-layout-grid__padding-none\">\n<figure class=\"wp-block-image size-verticale\"><img loading=\"lazy\" decoding=\"async\" width=\"800\" height=\"1067\" src=\"https:\/\/www.casavivagarda.com\/wp-content\/uploads\/2021\/05\/casa-viva-camera-uliveto-letto-lago-garda-800x1067.jpg\" alt=\"Casa Viva Camera Uliveto con letto al Lago di Garda\" class=\"wp-image-7000\"\/><\/figure>\n<\/div>\n\n\n\n<div class=\"wp-block-jetpack-layout-grid-column wp-block-jetpack-layout-grid__padding-none\">\n<h2 class=\"wp-block-heading\">Weiche und freundliche Farben<\/h2>\n\n\n\n<p>Die M\u00f6bel sind individuelle Einzelst\u00fccke, die von einem einheimischen K\u00fcnstler aus Tannen- und L\u00e4rchenholz in Handarbeit gefertigt wurden. Das Zimmer ist sch\u00f6n hell, besonders am Morgen.&nbsp;<\/p>\n\n\n\n<p>Die freundlichen und weichen Farbt\u00f6ne, die nat\u00fcrlichen D\u00fcfte und die frische Luft verleihen ein sofortiges Wohlbefinden.<\/p>\n\n\n\n<p><\/p>\n<\/div>\n<\/div>\n\n\n\n<div class=\"wp-block-jetpack-layout-grid column1-desktop-grid__span-8 column1-desktop-grid__start-3 column1-desktop-grid__row-1 column1-tablet-grid__span-8 column1-tablet-grid__row-1 column1-mobile-grid__span-4 column1-mobile-grid__row-1\">\n<div class=\"wp-block-jetpack-layout-grid-column wp-block-jetpack-layout-grid__padding-none\">\n<p>In diesem Zimmer befindet sich das \u201cFenster der Wahrheit\u201d neben der Terrassent\u00fcr, die mit alten Fensterrahmen liebevoll restauriert wurde. Dort zeigen wir dir die Baumaterialien, mit denen wir Casa Viva errichtet haben: die Strohkonstruktion, der spezielle Lehm sowie die horizontal verlaufenden Rohrmatten.<\/p>\n\n\n\n<p><\/p>\n<\/div>\n<\/div>\n","protected":false},"excerpt":{"rendered":"<p>Weiche und freundliche Farben Die M\u00f6bel sind individuelle Einzelst\u00fccke, die von einem einheimischen K\u00fcnstler aus Tannen- und L\u00e4rchenholz in Handarbeit gefertigt wurden. Das Zimmer ist sch\u00f6n hell, besonders am Morgen.&nbsp; Die freundlichen und weichen Farbt\u00f6ne, die nat\u00fcrlichen D\u00fcfte und die frische Luft verleihen ein sofortiges Wohlbefinden. In diesem Zimmer befindet sich das \u201cFenster der Wahrheit\u201d&hellip;<\/p>\n","protected":false},"author":1,"featured_media":1339,"comment_status":"open","ping_status":"closed","template":"","meta":{"_acf_changed":false,"inline_featured_image":false,"footnotes":""},"portfolio_category":[],"portfolio_tag":[],"class_list":["post-958","portfolio","type-portfolio","status-publish","has-post-thumbnail","hentry"],"acf":[],"yoast_head":"<!-- This site is optimized with the Yoast SEO plugin v28.2 - https:\/\/yoast.com\/product\/yoast-seo-wordpress\/ -->\n<title>Zimmer La Vite \u2022 Nachhaltiger Urlaub am Gardasee \u2022 Casa Viva Garda<\/title>\n<meta name=\"description\" content=\"\u201cLa Vite\u201d ist ein Zimmer mit 20 m\u00b2, f\u00fcr 3 Personen, mit 2 Betten, privatem Badezimmer und privater Terrasse. Nachhaltiger Urlaub am Gardasee.\" \/>\n<meta name=\"robots\" content=\"index, follow, max-snippet:-1, max-image-preview:large, max-video-preview:-1\" \/>\n<link rel=\"canonical\" href=\"https:\/\/www.casavivagarda.com\/de\/naturzimmer\/zimmer-la-vite\/\" \/>\n<meta property=\"og:locale\" content=\"de_DE\" \/>\n<meta property=\"og:type\" content=\"article\" \/>\n<meta property=\"og:title\" content=\"Zimmer La Vite \u2022 Nachhaltiger Urlaub am Gardasee \u2022 Casa Viva Garda\" \/>\n<meta property=\"og:description\" content=\"\u201cLa Vite\u201d ist ein Zimmer mit 20 m\u00b2, f\u00fcr 3 Personen, mit 2 Betten, privatem Badezimmer und privater Terrasse. Nachhaltiger Urlaub am Gardasee.\" \/>\n<meta property=\"og:url\" content=\"https:\/\/www.casavivagarda.com\/de\/naturzimmer\/zimmer-la-vite\/\" \/>\n<meta property=\"og:site_name\" content=\"Casa Viva\" \/>\n<meta property=\"article:modified_time\" content=\"2024-10-07T13:22:50+00:00\" \/>\n<meta property=\"og:image\" content=\"https:\/\/www.casavivagarda.com\/wp-content\/uploads\/2021\/05\/terrace-garden-holiday-room-casa-viva-garda.jpeg\" \/>\n\t<meta property=\"og:image:width\" content=\"1400\" \/>\n\t<meta property=\"og:image:height\" content=\"933\" \/>\n\t<meta property=\"og:image:type\" content=\"image\/jpeg\" \/>\n<meta name=\"twitter:card\" content=\"summary_large_image\" \/>\n<meta name=\"twitter:label1\" content=\"Gesch\u00e4tzte Lesezeit\" \/>\n\t<meta name=\"twitter:data1\" content=\"1\u00a0Minute\" \/>\n<script type=\"application\/ld+json\" class=\"yoast-schema-graph\">{\"@context\":\"https:\\\/\\\/schema.org\",\"@graph\":[{\"@type\":\"WebPage\",\"@id\":\"https:\\\/\\\/www.casavivagarda.com\\\/de\\\/naturzimmer\\\/zimmer-la-vite\\\/\",\"url\":\"https:\\\/\\\/www.casavivagarda.com\\\/de\\\/naturzimmer\\\/zimmer-la-vite\\\/\",\"name\":\"Zimmer La Vite \u2022 Nachhaltiger Urlaub am Gardasee \u2022 Casa Viva Garda\",\"isPartOf\":{\"@id\":\"https:\\\/\\\/www.casavivagarda.com\\\/de\\\/#website\"},\"primaryImageOfPage\":{\"@id\":\"https:\\\/\\\/www.casavivagarda.com\\\/de\\\/naturzimmer\\\/zimmer-la-vite\\\/#primaryimage\"},\"image\":{\"@id\":\"https:\\\/\\\/www.casavivagarda.com\\\/de\\\/naturzimmer\\\/zimmer-la-vite\\\/#primaryimage\"},\"thumbnailUrl\":\"https:\\\/\\\/www.casavivagarda.com\\\/wp-content\\\/uploads\\\/2021\\\/05\\\/terrace-garden-holiday-room-casa-viva-garda.jpeg\",\"datePublished\":\"2021-05-09T08:14:22+00:00\",\"dateModified\":\"2024-10-07T13:22:50+00:00\",\"description\":\"\u201cLa Vite\u201d ist ein Zimmer mit 20 m\u00b2, f\u00fcr 3 Personen, mit 2 Betten, privatem Badezimmer und privater Terrasse. Nachhaltiger Urlaub am Gardasee.\",\"breadcrumb\":{\"@id\":\"https:\\\/\\\/www.casavivagarda.com\\\/de\\\/naturzimmer\\\/zimmer-la-vite\\\/#breadcrumb\"},\"inLanguage\":\"de\",\"potentialAction\":[{\"@type\":\"ReadAction\",\"target\":[\"https:\\\/\\\/www.casavivagarda.com\\\/de\\\/naturzimmer\\\/zimmer-la-vite\\\/\"]}]},{\"@type\":\"ImageObject\",\"inLanguage\":\"de\",\"@id\":\"https:\\\/\\\/www.casavivagarda.com\\\/de\\\/naturzimmer\\\/zimmer-la-vite\\\/#primaryimage\",\"url\":\"https:\\\/\\\/www.casavivagarda.com\\\/wp-content\\\/uploads\\\/2021\\\/05\\\/terrace-garden-holiday-room-casa-viva-garda.jpeg\",\"contentUrl\":\"https:\\\/\\\/www.casavivagarda.com\\\/wp-content\\\/uploads\\\/2021\\\/05\\\/terrace-garden-holiday-room-casa-viva-garda.jpeg\",\"width\":1400,\"height\":933,\"caption\":\"Room with Terrace and Garden for Holiday in Garda \u2022 Casa Viva\"},{\"@type\":\"BreadcrumbList\",\"@id\":\"https:\\\/\\\/www.casavivagarda.com\\\/de\\\/naturzimmer\\\/zimmer-la-vite\\\/#breadcrumb\",\"itemListElement\":[{\"@type\":\"ListItem\",\"position\":1,\"name\":\"Home\",\"item\":\"https:\\\/\\\/www.casavivagarda.com\\\/de\\\/\"},{\"@type\":\"ListItem\",\"position\":2,\"name\":\"naturzimmer\",\"item\":\"https:\\\/\\\/www.casavivagarda.com\\\/de\\\/zimmer-okoferien-gardasee\\\/\"},{\"@type\":\"ListItem\",\"position\":3,\"name\":\"La Vite\"}]},{\"@type\":\"WebSite\",\"@id\":\"https:\\\/\\\/www.casavivagarda.com\\\/de\\\/#website\",\"url\":\"https:\\\/\\\/www.casavivagarda.com\\\/de\\\/\",\"name\":\"Casa Viva\",\"description\":\"eco sleep \u2022 bio pool\",\"potentialAction\":[{\"@type\":\"SearchAction\",\"target\":{\"@type\":\"EntryPoint\",\"urlTemplate\":\"https:\\\/\\\/www.casavivagarda.com\\\/de\\\/?s={search_term_string}\"},\"query-input\":{\"@type\":\"PropertyValueSpecification\",\"valueRequired\":true,\"valueName\":\"search_term_string\"}}],\"inLanguage\":\"de\"}]}<\/script>\n<!-- \/ Yoast SEO plugin. -->","yoast_head_json":{"title":"Zimmer La Vite \u2022 Nachhaltiger Urlaub am Gardasee \u2022 Casa Viva Garda","description":"\u201cLa Vite\u201d ist ein Zimmer mit 20 m\u00b2, f\u00fcr 3 Personen, mit 2 Betten, privatem Badezimmer und privater Terrasse. Nachhaltiger Urlaub am Gardasee.","robots":{"index":"index","follow":"follow","max-snippet":"max-snippet:-1","max-image-preview":"max-image-preview:large","max-video-preview":"max-video-preview:-1"},"canonical":"https:\/\/www.casavivagarda.com\/de\/naturzimmer\/zimmer-la-vite\/","og_locale":"de_DE","og_type":"article","og_title":"Zimmer La Vite \u2022 Nachhaltiger Urlaub am Gardasee \u2022 Casa Viva Garda","og_description":"\u201cLa Vite\u201d ist ein Zimmer mit 20 m\u00b2, f\u00fcr 3 Personen, mit 2 Betten, privatem Badezimmer und privater Terrasse. Nachhaltiger Urlaub am Gardasee.","og_url":"https:\/\/www.casavivagarda.com\/de\/naturzimmer\/zimmer-la-vite\/","og_site_name":"Casa Viva","article_modified_time":"2024-10-07T13:22:50+00:00","og_image":[{"width":1400,"height":933,"url":"https:\/\/www.casavivagarda.com\/wp-content\/uploads\/2021\/05\/terrace-garden-holiday-room-casa-viva-garda.jpeg","type":"image\/jpeg"}],"twitter_card":"summary_large_image","twitter_misc":{"Gesch\u00e4tzte Lesezeit":"1\u00a0Minute"},"schema":{"@context":"https:\/\/schema.org","@graph":[{"@type":"WebPage","@id":"https:\/\/www.casavivagarda.com\/de\/naturzimmer\/zimmer-la-vite\/","url":"https:\/\/www.casavivagarda.com\/de\/naturzimmer\/zimmer-la-vite\/","name":"Zimmer La Vite \u2022 Nachhaltiger Urlaub am Gardasee \u2022 Casa Viva Garda","isPartOf":{"@id":"https:\/\/www.casavivagarda.com\/de\/#website"},"primaryImageOfPage":{"@id":"https:\/\/www.casavivagarda.com\/de\/naturzimmer\/zimmer-la-vite\/#primaryimage"},"image":{"@id":"https:\/\/www.casavivagarda.com\/de\/naturzimmer\/zimmer-la-vite\/#primaryimage"},"thumbnailUrl":"https:\/\/www.casavivagarda.com\/wp-content\/uploads\/2021\/05\/terrace-garden-holiday-room-casa-viva-garda.jpeg","datePublished":"2021-05-09T08:14:22+00:00","dateModified":"2024-10-07T13:22:50+00:00","description":"\u201cLa Vite\u201d ist ein Zimmer mit 20 m\u00b2, f\u00fcr 3 Personen, mit 2 Betten, privatem Badezimmer und privater Terrasse. Nachhaltiger Urlaub am Gardasee.","breadcrumb":{"@id":"https:\/\/www.casavivagarda.com\/de\/naturzimmer\/zimmer-la-vite\/#breadcrumb"},"inLanguage":"de","potentialAction":[{"@type":"ReadAction","target":["https:\/\/www.casavivagarda.com\/de\/naturzimmer\/zimmer-la-vite\/"]}]},{"@type":"ImageObject","inLanguage":"de","@id":"https:\/\/www.casavivagarda.com\/de\/naturzimmer\/zimmer-la-vite\/#primaryimage","url":"https:\/\/www.casavivagarda.com\/wp-content\/uploads\/2021\/05\/terrace-garden-holiday-room-casa-viva-garda.jpeg","contentUrl":"https:\/\/www.casavivagarda.com\/wp-content\/uploads\/2021\/05\/terrace-garden-holiday-room-casa-viva-garda.jpeg","width":1400,"height":933,"caption":"Room with Terrace and Garden for Holiday in Garda \u2022 Casa Viva"},{"@type":"BreadcrumbList","@id":"https:\/\/www.casavivagarda.com\/de\/naturzimmer\/zimmer-la-vite\/#breadcrumb","itemListElement":[{"@type":"ListItem","position":1,"name":"Home","item":"https:\/\/www.casavivagarda.com\/de\/"},{"@type":"ListItem","position":2,"name":"naturzimmer","item":"https:\/\/www.casavivagarda.com\/de\/zimmer-okoferien-gardasee\/"},{"@type":"ListItem","position":3,"name":"La Vite"}]},{"@type":"WebSite","@id":"https:\/\/www.casavivagarda.com\/de\/#website","url":"https:\/\/www.casavivagarda.com\/de\/","name":"Casa Viva","description":"eco sleep \u2022 bio pool","potentialAction":[{"@type":"SearchAction","target":{"@type":"EntryPoint","urlTemplate":"https:\/\/www.casavivagarda.com\/de\/?s={search_term_string}"},"query-input":{"@type":"PropertyValueSpecification","valueRequired":true,"valueName":"search_term_string"}}],"inLanguage":"de"}]}},"_links":{"self":[{"href":"https:\/\/www.casavivagarda.com\/de\/wp-json\/wp\/v2\/portfolio\/958","targetHints":{"allow":["GET"]}}],"collection":[{"href":"https:\/\/www.casavivagarda.com\/de\/wp-json\/wp\/v2\/portfolio"}],"about":[{"href":"https:\/\/www.casavivagarda.com\/de\/wp-json\/wp\/v2\/types\/portfolio"}],"author":[{"embeddable":true,"href":"https:\/\/www.casavivagarda.com\/de\/wp-json\/wp\/v2\/users\/1"}],"replies":[{"embeddable":true,"href":"https:\/\/www.casavivagarda.com\/de\/wp-json\/wp\/v2\/comments?post=958"}],"version-history":[{"count":3,"href":"https:\/\/www.casavivagarda.com\/de\/wp-json\/wp\/v2\/portfolio\/958\/revisions"}],"predecessor-version":[{"id":7009,"href":"https:\/\/www.casavivagarda.com\/de\/wp-json\/wp\/v2\/portfolio\/958\/revisions\/7009"}],"wp:featuredmedia":[{"embeddable":true,"href":"https:\/\/www.casavivagarda.com\/de\/wp-json\/wp\/v2\/media\/1339"}],"wp:attachment":[{"href":"https:\/\/www.casavivagarda.com\/de\/wp-json\/wp\/v2\/media?parent=958"}],"wp:term":[{"taxonomy":"portfolio_category","embeddable":true,"href":"https:\/\/www.casavivagarda.com\/de\/wp-json\/wp\/v2\/portfolio_category?post=958"},{"taxonomy":"portfolio_tag","embeddable":true,"href":"https:\/\/www.casavivagarda.com\/de\/wp-json\/wp\/v2\/portfolio_tag?post=958"}],"curies":[{"name":"wp","href":"https:\/\/api.w.org\/{rel}","templated":true}]}}

<div class="wp-block-jetpack-layout-grid column1-desktop-grid__span-5 column1-desktop-grid__row-1 column2-desktop-grid__span-5 column2-desktop-grid__start-7 column2-desktop-grid__row-1 column1-tablet-grid__span-4 column1-tablet-grid__row-1 column2-tablet-grid__span-4 column2-tablet-grid__start-5 column2-tablet-grid__row-1 column1-mobile-grid__span-4 column1-mobile-grid__row-1 column2-mobile-grid__span-4 column2-mobile-grid__row-2 wp-block-jetpack-layout-gutter__nowrap wp-block-jetpack-layout-gutter__medium">
<div class="wp-block-jetpack-layout-grid-column wp-block-jetpack-layout-grid__padding-none">
<figure class="wp-block-image size-verticale"><img loading="lazy" decoding="async" width="800" height="1067" src="https://www.casavivagarda.com/wp-content/uploads/2021/05/casa-viva-camera-uliveto-letto-lago-garda-800x1067.jpg" alt="Casa Viva Camera Uliveto con letto al Lago di Garda" class="wp-image-7000"/></figure>
</div>



<div class="wp-block-jetpack-layout-grid-column wp-block-jetpack-layout-grid__padding-none">
<h2 class="wp-block-heading">Weiche und freundliche Farben</h2>



<p>Die Möbel sind individuelle Einzelstücke, die von einem einheimischen Künstler aus Tannen- und Lärchenholz in Handarbeit gefertigt wurden. Das Zimmer ist schön hell, besonders am Morgen.&nbsp;</p>



<p>Die freundlichen und weichen Farbtöne, die natürlichen Düfte und die frische Luft verleihen ein sofortiges Wohlbefinden.</p>



<p></p>
</div>
</div>



<div class="wp-block-jetpack-layout-grid column1-desktop-grid__span-8 column1-desktop-grid__start-3 column1-desktop-grid__row-1 column1-tablet-grid__span-8 column1-tablet-grid__row-1 column1-mobile-grid__span-4 column1-mobile-grid__row-1">
<div class="wp-block-jetpack-layout-grid-column wp-block-jetpack-layout-grid__padding-none">
<p>In diesem Zimmer befindet sich das “Fenster der Wahrheit” neben der Terrassentür, die mit alten Fensterrahmen liebevoll restauriert wurde. Dort zeigen wir dir die Baumaterialien, mit denen wir Casa Viva errichtet haben: die Strohkonstruktion, der spezielle Lehm sowie die horizontal verlaufenden Rohrmatten.</p>



<p></p>
</div>
</div>

<p>Weiche und freundliche Farben Die Möbel sind individuelle Einzelstücke, die von einem einheimischen Künstler aus Tannen- und Lärchenholz in Handarbeit gefertigt wurden. Das Zimmer ist schön hell, besonders am Morgen.&nbsp; Die freundlichen und weichen Farbtöne, die natürlichen Düfte und die frische Luft verleihen ein sofortiges Wohlbefinden. In diesem Zimmer befindet sich das “Fenster der Wahrheit”&hellip;</p>

<!-- This site is optimized with the Yoast SEO plugin v28.2 - https://yoast.com/product/yoast-seo-wordpress/ -->
<title>Zimmer La Vite • Nachhaltiger Urlaub am Gardasee • Casa Viva Garda</title>
<meta name="description" content="“La Vite” ist ein Zimmer mit 20 m², für 3 Personen, mit 2 Betten, privatem Badezimmer und privater Terrasse. Nachhaltiger Urlaub am Gardasee." />
<meta name="robots" content="index, follow, max-snippet:-1, max-image-preview:large, max-video-preview:-1" />
<link rel="canonical" href="https://www.casavivagarda.com/de/naturzimmer/zimmer-la-vite/" />
<meta property="og:locale" content="de_DE" />
<meta property="og:type" content="article" />
<meta property="og:title" content="Zimmer La Vite • Nachhaltiger Urlaub am Gardasee • Casa Viva Garda" />
<meta property="og:description" content="“La Vite” ist ein Zimmer mit 20 m², für 3 Personen, mit 2 Betten, privatem Badezimmer und privater Terrasse. Nachhaltiger Urlaub am Gardasee." />
<meta property="og:url" content="https://www.casavivagarda.com/de/naturzimmer/zimmer-la-vite/" />
<meta property="og:site_name" content="Casa Viva" />
<meta property="article:modified_time" content="2024-10-07T13:22:50+00:00" />
<meta property="og:image" content="https://www.casavivagarda.com/wp-content/uploads/2021/05/terrace-garden-holiday-room-casa-viva-garda.jpeg" />
	<meta property="og:image:width" content="1400" />
	<meta property="og:image:height" content="933" />
	<meta property="og:image:type" content="image/jpeg" />
<meta name="twitter:card" content="summary_large_image" />
<meta name="twitter:label1" content="Geschätzte Lesezeit" />
	<meta name="twitter:data1" content="1 Minute" />
<script type="application/ld+json" class="yoast-schema-graph">{"@context":"https:\/\/schema.org","@graph":[{"@type":"WebPage","@id":"https:\/\/www.casavivagarda.com\/de\/naturzimmer\/zimmer-la-vite\/","url":"https:\/\/www.casavivagarda.com\/de\/naturzimmer\/zimmer-la-vite\/","name":"Zimmer La Vite • Nachhaltiger Urlaub am Gardasee • Casa Viva Garda","isPartOf":{"@id":"https:\/\/www.casavivagarda.com\/de\/#website"},"primaryImageOfPage":{"@id":"https:\/\/www.casavivagarda.com\/de\/naturzimmer\/zimmer-la-vite\/#primaryimage"},"image":{"@id":"https:\/\/www.casavivagarda.com\/de\/naturzimmer\/zimmer-la-vite\/#primaryimage"},"thumbnailUrl":"https:\/\/www.casavivagarda.com\/wp-content\/uploads\/2021\/05\/terrace-garden-holiday-room-casa-viva-garda.jpeg","datePublished":"2021-05-09T08:14:22+00:00","dateModified":"2024-10-07T13:22:50+00:00","description":"“La Vite” ist ein Zimmer mit 20 m², für 3 Personen, mit 2 Betten, privatem Badezimmer und privater Terrasse. Nachhaltiger Urlaub am Gardasee.","breadcrumb":{"@id":"https:\/\/www.casavivagarda.com\/de\/naturzimmer\/zimmer-la-vite\/#breadcrumb"},"inLanguage":"de","potentialAction":[{"@type":"ReadAction","target":["https:\/\/www.casavivagarda.com\/de\/naturzimmer\/zimmer-la-vite\/"]}]},{"@type":"ImageObject","inLanguage":"de","@id":"https:\/\/www.casavivagarda.com\/de\/naturzimmer\/zimmer-la-vite\/#primaryimage","url":"https:\/\/www.casavivagarda.com\/wp-content\/uploads\/2021\/05\/terrace-garden-holiday-room-casa-viva-garda.jpeg","contentUrl":"https:\/\/www.casavivagarda.com\/wp-content\/uploads\/2021\/05\/terrace-garden-holiday-room-casa-viva-garda.jpeg","width":1400,"height":933,"caption":"Room with Terrace and Garden for Holiday in Garda • Casa Viva"},{"@type":"BreadcrumbList","@id":"https:\/\/www.casavivagarda.com\/de\/naturzimmer\/zimmer-la-vite\/#breadcrumb","itemListElement":[{"@type":"ListItem","position":1,"name":"Home","item":"https:\/\/www.casavivagarda.com\/de\/"},{"@type":"ListItem","position":2,"name":"naturzimmer","item":"https:\/\/www.casavivagarda.com\/de\/zimmer-okoferien-gardasee\/"},{"@type":"ListItem","position":3,"name":"La Vite"}]},{"@type":"WebSite","@id":"https:\/\/www.casavivagarda.com\/de\/#website","url":"https:\/\/www.casavivagarda.com\/de\/","name":"Casa Viva","description":"eco sleep • bio pool","potentialAction":[{"@type":"SearchAction","target":{"@type":"EntryPoint","urlTemplate":"https:\/\/www.casavivagarda.com\/de\/?s={search_term_string}"},"query-input":{"@type":"PropertyValueSpecification","valueRequired":true,"valueName":"search_term_string"}}],"inLanguage":"de"}]}</script>
<!-- / Yoast SEO plugin. -->

“La Vite” ist ein Zimmer mit 20 m², für 3 Personen, mit 2 Betten, privatem Badezimmer und privater Terrasse. Nachhaltiger Urlaub am Gardasee.
