{"id":3366,"date":"2022-06-08T18:03:10","date_gmt":"2022-06-08T16:03:10","guid":{"rendered":"https:\/\/www.casavivagarda.com\/contatti-come-arrivare\/"},"modified":"2022-07-21T23:53:25","modified_gmt":"2022-07-21T21:53:25","slug":"kontakt-anfahrt","status":"publish","type":"page","link":"https:\/\/www.casavivagarda.com\/de\/kontakt-anfahrt\/","title":{"rendered":"kontakt"},"content":{"rendered":"\n<div class=\"wp-block-jetpack-layout-grid column1-desktop-grid__span-5 column1-desktop-grid__row-1 column2-desktop-grid__span-5 column2-desktop-grid__start-7 column2-desktop-grid__row-1 column1-tablet-grid__span-4 column1-tablet-grid__row-1 column2-tablet-grid__span-4 column2-tablet-grid__start-5 column2-tablet-grid__row-1 column1-mobile-grid__span-4 column1-mobile-grid__row-1 column2-mobile-grid__span-4 column2-mobile-grid__row-2 wp-block-jetpack-layout-gutter__nowrap wp-block-jetpack-layout-gutter__medium\">\n<div class=\"wp-block-jetpack-layout-grid-column wp-block-jetpack-layout-grid__padding-none\">\n<figure class=\"wp-block-image size-full\"><img loading=\"lazy\" decoding=\"async\" width=\"750\" height=\"1000\" src=\"https:\/\/www.casavivagarda.com\/wp-content\/uploads\/2022\/07\/gardasee-eco-holiday.jpeg\" alt=\"Vacanze Eco in Natura al Lago di Garda\" class=\"wp-image-3099\" srcset=\"https:\/\/www.casavivagarda.com\/wp-content\/uploads\/2022\/07\/gardasee-eco-holiday.jpeg 750w, https:\/\/www.casavivagarda.com\/wp-content\/uploads\/2022\/07\/gardasee-eco-holiday-225x300.jpeg 225w\" sizes=\"auto, (max-width: 750px) 100vw, 750px\" \/><\/figure>\n<\/div>\n\n\n\n<div class=\"wp-block-jetpack-layout-grid-column wp-block-jetpack-layout-grid__padding-none\">\n<h2 class=\"wp-block-heading\">Gardasee<\/h2>\n\n\n\n<p>Wir lieben den Gardasee, denn er hat so viel zu bieten: der alpine Charakter der \u00fcppig gr\u00fcnen Landschaft im reizvollen Kontrast zum mediterranen Seeufer, das angenehme Klima, die gro\u00dfe Artenvielfalt in der Natur, die zahlreichen, malerischen D\u00f6rfer von gro\u00dfer kultureller und historischer Bedeutung, die kulinarische Tradition und die Menschen, die hier leben.<\/p>\n<\/div>\n<\/div>\n\n\n\n<div class=\"wp-block-jetpack-layout-grid column1-desktop-grid__span-8 column1-desktop-grid__start-3 column1-desktop-grid__row-1 column1-tablet-grid__span-8 column1-tablet-grid__row-1 column1-mobile-grid__span-4 column1-mobile-grid__row-1 wp-block-jetpack-layout-gutter__nowrap wp-block-jetpack-layout-gutter__none\">\n<div class=\"wp-block-jetpack-layout-grid-column wp-block-jetpack-layout-grid__padding-none\">\n<h2 class=\"wp-block-heading\">Lage<\/h2>\n\n\n\n<p>Casa Viva liegt mitten in der H\u00fcgellandschaft zwischen Garda und Costermano, ca. 10 km von der Autobahnausfahrt in Affi und 3 km vom Gardasee entfernt.<br><br>Direkt von der Uferstra\u00dfe des Gardasees kommend, erreicht man uns \u00fcber Garda und Marciaga. Von der Autobahn A22 kommend, f\u00e4hrt man \u00fcber Costermano und Castion Veronese.<\/p>\n<\/div>\n<\/div>\n","protected":false},"excerpt":{"rendered":"<p>Gardasee Wir lieben den Gardasee, denn er hat so viel zu bieten: der alpine Charakter der \u00fcppig gr\u00fcnen Landschaft im reizvollen Kontrast zum mediterranen Seeufer, das angenehme Klima, die gro\u00dfe Artenvielfalt in der Natur, die zahlreichen, malerischen D\u00f6rfer von gro\u00dfer kultureller und historischer Bedeutung, die kulinarische Tradition und die Menschen, die hier leben. Lage Casa&hellip;<\/p>\n","protected":false},"author":1,"featured_media":3635,"parent":0,"menu_order":8,"comment_status":"closed","ping_status":"closed","template":"","meta":{"_acf_changed":false,"inline_featured_image":false,"footnotes":""},"class_list":["post-3366","page","type-page","status-publish","has-post-thumbnail","hentry"],"acf":[],"yoast_head":"<!-- This site is optimized with the Yoast SEO plugin v28.2 - https:\/\/yoast.com\/product\/yoast-seo-wordpress\/ -->\n<title>Anfahrt Casa Viva Garda \u2022 Nachhaltiger Urlaub am Gardasee<\/title>\n<meta name=\"description\" content=\"Casa Viva liegt am Gardasee, zwischen Garda und Costermano, 10 km von der Autobahnausfahrt in Affi und 3 km von den Str\u00e4nden entfernt. Wir freuen uns auf dich.\" \/>\n<meta name=\"robots\" content=\"index, follow, max-snippet:-1, max-image-preview:large, max-video-preview:-1\" \/>\n<link rel=\"canonical\" href=\"https:\/\/www.casavivagarda.com\/de\/kontakt-anfahrt\/\" \/>\n<meta property=\"og:locale\" content=\"de_DE\" \/>\n<meta property=\"og:type\" content=\"article\" \/>\n<meta property=\"og:title\" content=\"Anfahrt Casa Viva Garda \u2022 Nachhaltiger Urlaub am Gardasee\" \/>\n<meta property=\"og:description\" content=\"Casa Viva liegt am Gardasee, zwischen Garda und Costermano, 10 km von der Autobahnausfahrt in Affi und 3 km von den Str\u00e4nden entfernt. Wir freuen uns auf dich.\" \/>\n<meta property=\"og:url\" content=\"https:\/\/www.casavivagarda.com\/de\/kontakt-anfahrt\/\" \/>\n<meta property=\"og:site_name\" content=\"Casa Viva\" \/>\n<meta property=\"article:modified_time\" content=\"2022-07-21T21:53:25+00:00\" \/>\n<meta property=\"og:image\" content=\"https:\/\/www.casavivagarda.com\/wp-content\/uploads\/2022\/07\/casa-viva-garda-costermano-vista-panoramica.jpeg\" \/>\n\t<meta property=\"og:image:width\" content=\"1579\" \/>\n\t<meta property=\"og:image:height\" content=\"971\" \/>\n\t<meta property=\"og:image:type\" content=\"image\/jpeg\" \/>\n<meta name=\"twitter:card\" content=\"summary_large_image\" \/>\n<meta name=\"twitter:label1\" content=\"Gesch\u00e4tzte Lesezeit\" \/>\n\t<meta name=\"twitter:data1\" content=\"1\u00a0Minute\" \/>\n<script type=\"application\/ld+json\" class=\"yoast-schema-graph\">{\"@context\":\"https:\\\/\\\/schema.org\",\"@graph\":[{\"@type\":\"WebPage\",\"@id\":\"https:\\\/\\\/www.casavivagarda.com\\\/de\\\/kontakt-anfahrt\\\/\",\"url\":\"https:\\\/\\\/www.casavivagarda.com\\\/de\\\/kontakt-anfahrt\\\/\",\"name\":\"Anfahrt Casa Viva Garda \u2022 Nachhaltiger Urlaub am Gardasee\",\"isPartOf\":{\"@id\":\"https:\\\/\\\/www.casavivagarda.com\\\/de\\\/#website\"},\"primaryImageOfPage\":{\"@id\":\"https:\\\/\\\/www.casavivagarda.com\\\/de\\\/kontakt-anfahrt\\\/#primaryimage\"},\"image\":{\"@id\":\"https:\\\/\\\/www.casavivagarda.com\\\/de\\\/kontakt-anfahrt\\\/#primaryimage\"},\"thumbnailUrl\":\"https:\\\/\\\/www.casavivagarda.com\\\/wp-content\\\/uploads\\\/2022\\\/07\\\/casa-viva-garda-panoramica-lago-garda.jpeg\",\"datePublished\":\"2022-06-08T16:03:10+00:00\",\"dateModified\":\"2022-07-21T21:53:25+00:00\",\"description\":\"Casa Viva liegt am Gardasee, zwischen Garda und Costermano, 10 km von der Autobahnausfahrt in Affi und 3 km von den Str\u00e4nden entfernt. Wir freuen uns auf dich.\",\"breadcrumb\":{\"@id\":\"https:\\\/\\\/www.casavivagarda.com\\\/de\\\/kontakt-anfahrt\\\/#breadcrumb\"},\"inLanguage\":\"de\",\"potentialAction\":[{\"@type\":\"ReadAction\",\"target\":[\"https:\\\/\\\/www.casavivagarda.com\\\/de\\\/kontakt-anfahrt\\\/\"]}]},{\"@type\":\"ImageObject\",\"inLanguage\":\"de\",\"@id\":\"https:\\\/\\\/www.casavivagarda.com\\\/de\\\/kontakt-anfahrt\\\/#primaryimage\",\"url\":\"https:\\\/\\\/www.casavivagarda.com\\\/wp-content\\\/uploads\\\/2022\\\/07\\\/casa-viva-garda-panoramica-lago-garda.jpeg\",\"contentUrl\":\"https:\\\/\\\/www.casavivagarda.com\\\/wp-content\\\/uploads\\\/2022\\\/07\\\/casa-viva-garda-panoramica-lago-garda.jpeg\",\"width\":1400,\"height\":1076,\"caption\":\"Casa Viva tra Garda e Costermano, Vista Panoramica\"},{\"@type\":\"BreadcrumbList\",\"@id\":\"https:\\\/\\\/www.casavivagarda.com\\\/de\\\/kontakt-anfahrt\\\/#breadcrumb\",\"itemListElement\":[{\"@type\":\"ListItem\",\"position\":1,\"name\":\"Home\",\"item\":\"https:\\\/\\\/www.casavivagarda.com\\\/de\\\/\"},{\"@type\":\"ListItem\",\"position\":2,\"name\":\"kontakt\"}]},{\"@type\":\"WebSite\",\"@id\":\"https:\\\/\\\/www.casavivagarda.com\\\/de\\\/#website\",\"url\":\"https:\\\/\\\/www.casavivagarda.com\\\/de\\\/\",\"name\":\"Casa Viva\",\"description\":\"eco sleep \u2022 bio pool\",\"potentialAction\":[{\"@type\":\"SearchAction\",\"target\":{\"@type\":\"EntryPoint\",\"urlTemplate\":\"https:\\\/\\\/www.casavivagarda.com\\\/de\\\/?s={search_term_string}\"},\"query-input\":{\"@type\":\"PropertyValueSpecification\",\"valueRequired\":true,\"valueName\":\"search_term_string\"}}],\"inLanguage\":\"de\"}]}<\/script>\n<!-- \/ Yoast SEO plugin. -->","yoast_head_json":{"title":"Anfahrt Casa Viva Garda \u2022 Nachhaltiger Urlaub am Gardasee","description":"Casa Viva liegt am Gardasee, zwischen Garda und Costermano, 10 km von der Autobahnausfahrt in Affi und 3 km von den Str\u00e4nden entfernt. Wir freuen uns auf dich.","robots":{"index":"index","follow":"follow","max-snippet":"max-snippet:-1","max-image-preview":"max-image-preview:large","max-video-preview":"max-video-preview:-1"},"canonical":"https:\/\/www.casavivagarda.com\/de\/kontakt-anfahrt\/","og_locale":"de_DE","og_type":"article","og_title":"Anfahrt Casa Viva Garda \u2022 Nachhaltiger Urlaub am Gardasee","og_description":"Casa Viva liegt am Gardasee, zwischen Garda und Costermano, 10 km von der Autobahnausfahrt in Affi und 3 km von den Str\u00e4nden entfernt. Wir freuen uns auf dich.","og_url":"https:\/\/www.casavivagarda.com\/de\/kontakt-anfahrt\/","og_site_name":"Casa Viva","article_modified_time":"2022-07-21T21:53:25+00:00","og_image":[{"width":1579,"height":971,"url":"https:\/\/www.casavivagarda.com\/wp-content\/uploads\/2022\/07\/casa-viva-garda-costermano-vista-panoramica.jpeg","type":"image\/jpeg"}],"twitter_card":"summary_large_image","twitter_misc":{"Gesch\u00e4tzte Lesezeit":"1\u00a0Minute"},"schema":{"@context":"https:\/\/schema.org","@graph":[{"@type":"WebPage","@id":"https:\/\/www.casavivagarda.com\/de\/kontakt-anfahrt\/","url":"https:\/\/www.casavivagarda.com\/de\/kontakt-anfahrt\/","name":"Anfahrt Casa Viva Garda \u2022 Nachhaltiger Urlaub am Gardasee","isPartOf":{"@id":"https:\/\/www.casavivagarda.com\/de\/#website"},"primaryImageOfPage":{"@id":"https:\/\/www.casavivagarda.com\/de\/kontakt-anfahrt\/#primaryimage"},"image":{"@id":"https:\/\/www.casavivagarda.com\/de\/kontakt-anfahrt\/#primaryimage"},"thumbnailUrl":"https:\/\/www.casavivagarda.com\/wp-content\/uploads\/2022\/07\/casa-viva-garda-panoramica-lago-garda.jpeg","datePublished":"2022-06-08T16:03:10+00:00","dateModified":"2022-07-21T21:53:25+00:00","description":"Casa Viva liegt am Gardasee, zwischen Garda und Costermano, 10 km von der Autobahnausfahrt in Affi und 3 km von den Str\u00e4nden entfernt. Wir freuen uns auf dich.","breadcrumb":{"@id":"https:\/\/www.casavivagarda.com\/de\/kontakt-anfahrt\/#breadcrumb"},"inLanguage":"de","potentialAction":[{"@type":"ReadAction","target":["https:\/\/www.casavivagarda.com\/de\/kontakt-anfahrt\/"]}]},{"@type":"ImageObject","inLanguage":"de","@id":"https:\/\/www.casavivagarda.com\/de\/kontakt-anfahrt\/#primaryimage","url":"https:\/\/www.casavivagarda.com\/wp-content\/uploads\/2022\/07\/casa-viva-garda-panoramica-lago-garda.jpeg","contentUrl":"https:\/\/www.casavivagarda.com\/wp-content\/uploads\/2022\/07\/casa-viva-garda-panoramica-lago-garda.jpeg","width":1400,"height":1076,"caption":"Casa Viva tra Garda e Costermano, Vista Panoramica"},{"@type":"BreadcrumbList","@id":"https:\/\/www.casavivagarda.com\/de\/kontakt-anfahrt\/#breadcrumb","itemListElement":[{"@type":"ListItem","position":1,"name":"Home","item":"https:\/\/www.casavivagarda.com\/de\/"},{"@type":"ListItem","position":2,"name":"kontakt"}]},{"@type":"WebSite","@id":"https:\/\/www.casavivagarda.com\/de\/#website","url":"https:\/\/www.casavivagarda.com\/de\/","name":"Casa Viva","description":"eco sleep \u2022 bio pool","potentialAction":[{"@type":"SearchAction","target":{"@type":"EntryPoint","urlTemplate":"https:\/\/www.casavivagarda.com\/de\/?s={search_term_string}"},"query-input":{"@type":"PropertyValueSpecification","valueRequired":true,"valueName":"search_term_string"}}],"inLanguage":"de"}]}},"_links":{"self":[{"href":"https:\/\/www.casavivagarda.com\/de\/wp-json\/wp\/v2\/pages\/3366","targetHints":{"allow":["GET"]}}],"collection":[{"href":"https:\/\/www.casavivagarda.com\/de\/wp-json\/wp\/v2\/pages"}],"about":[{"href":"https:\/\/www.casavivagarda.com\/de\/wp-json\/wp\/v2\/types\/page"}],"author":[{"embeddable":true,"href":"https:\/\/www.casavivagarda.com\/de\/wp-json\/wp\/v2\/users\/1"}],"replies":[{"embeddable":true,"href":"https:\/\/www.casavivagarda.com\/de\/wp-json\/wp\/v2\/comments?post=3366"}],"version-history":[{"count":0,"href":"https:\/\/www.casavivagarda.com\/de\/wp-json\/wp\/v2\/pages\/3366\/revisions"}],"wp:featuredmedia":[{"embeddable":true,"href":"https:\/\/www.casavivagarda.com\/de\/wp-json\/wp\/v2\/media\/3635"}],"wp:attachment":[{"href":"https:\/\/www.casavivagarda.com\/de\/wp-json\/wp\/v2\/media?parent=3366"}],"curies":[{"name":"wp","href":"https:\/\/api.w.org\/{rel}","templated":true}]}}

<div class="wp-block-jetpack-layout-grid column1-desktop-grid__span-5 column1-desktop-grid__row-1 column2-desktop-grid__span-5 column2-desktop-grid__start-7 column2-desktop-grid__row-1 column1-tablet-grid__span-4 column1-tablet-grid__row-1 column2-tablet-grid__span-4 column2-tablet-grid__start-5 column2-tablet-grid__row-1 column1-mobile-grid__span-4 column1-mobile-grid__row-1 column2-mobile-grid__span-4 column2-mobile-grid__row-2 wp-block-jetpack-layout-gutter__nowrap wp-block-jetpack-layout-gutter__medium">
<div class="wp-block-jetpack-layout-grid-column wp-block-jetpack-layout-grid__padding-none">
<figure class="wp-block-image size-full"><img loading="lazy" decoding="async" width="750" height="1000" src="https://www.casavivagarda.com/wp-content/uploads/2022/07/gardasee-eco-holiday.jpeg" alt="Vacanze Eco in Natura al Lago di Garda" class="wp-image-3099" srcset="https://www.casavivagarda.com/wp-content/uploads/2022/07/gardasee-eco-holiday.jpeg 750w, https://www.casavivagarda.com/wp-content/uploads/2022/07/gardasee-eco-holiday-225x300.jpeg 225w" sizes="auto, (max-width: 750px) 100vw, 750px" /></figure>
</div>



<div class="wp-block-jetpack-layout-grid-column wp-block-jetpack-layout-grid__padding-none">
<h2 class="wp-block-heading">Gardasee</h2>



<p>Wir lieben den Gardasee, denn er hat so viel zu bieten: der alpine Charakter der üppig grünen Landschaft im reizvollen Kontrast zum mediterranen Seeufer, das angenehme Klima, die große Artenvielfalt in der Natur, die zahlreichen, malerischen Dörfer von großer kultureller und historischer Bedeutung, die kulinarische Tradition und die Menschen, die hier leben.</p>
</div>
</div>



<div class="wp-block-jetpack-layout-grid column1-desktop-grid__span-8 column1-desktop-grid__start-3 column1-desktop-grid__row-1 column1-tablet-grid__span-8 column1-tablet-grid__row-1 column1-mobile-grid__span-4 column1-mobile-grid__row-1 wp-block-jetpack-layout-gutter__nowrap wp-block-jetpack-layout-gutter__none">
<div class="wp-block-jetpack-layout-grid-column wp-block-jetpack-layout-grid__padding-none">
<h2 class="wp-block-heading">Lage</h2>



<p>Casa Viva liegt mitten in der Hügellandschaft zwischen Garda und Costermano, ca. 10 km von der Autobahnausfahrt in Affi und 3 km vom Gardasee entfernt.<br><br>Direkt von der Uferstraße des Gardasees kommend, erreicht man uns über Garda und Marciaga. Von der Autobahn A22 kommend, fährt man über Costermano und Castion Veronese.</p>
</div>
</div>

<p>Gardasee Wir lieben den Gardasee, denn er hat so viel zu bieten: der alpine Charakter der üppig grünen Landschaft im reizvollen Kontrast zum mediterranen Seeufer, das angenehme Klima, die große Artenvielfalt in der Natur, die zahlreichen, malerischen Dörfer von großer kultureller und historischer Bedeutung, die kulinarische Tradition und die Menschen, die hier leben. Lage Casa&hellip;</p>

<!-- This site is optimized with the Yoast SEO plugin v28.2 - https://yoast.com/product/yoast-seo-wordpress/ -->
<title>Anfahrt Casa Viva Garda • Nachhaltiger Urlaub am Gardasee</title>
<meta name="description" content="Casa Viva liegt am Gardasee, zwischen Garda und Costermano, 10 km von der Autobahnausfahrt in Affi und 3 km von den Stränden entfernt. Wir freuen uns auf dich." />
<meta name="robots" content="index, follow, max-snippet:-1, max-image-preview:large, max-video-preview:-1" />
<link rel="canonical" href="https://www.casavivagarda.com/de/kontakt-anfahrt/" />
<meta property="og:locale" content="de_DE" />
<meta property="og:type" content="article" />
<meta property="og:title" content="Anfahrt Casa Viva Garda • Nachhaltiger Urlaub am Gardasee" />
<meta property="og:description" content="Casa Viva liegt am Gardasee, zwischen Garda und Costermano, 10 km von der Autobahnausfahrt in Affi und 3 km von den Stränden entfernt. Wir freuen uns auf dich." />
<meta property="og:url" content="https://www.casavivagarda.com/de/kontakt-anfahrt/" />
<meta property="og:site_name" content="Casa Viva" />
<meta property="article:modified_time" content="2022-07-21T21:53:25+00:00" />
<meta property="og:image" content="https://www.casavivagarda.com/wp-content/uploads/2022/07/casa-viva-garda-costermano-vista-panoramica.jpeg" />
	<meta property="og:image:width" content="1579" />
	<meta property="og:image:height" content="971" />
	<meta property="og:image:type" content="image/jpeg" />
<meta name="twitter:card" content="summary_large_image" />
<meta name="twitter:label1" content="Geschätzte Lesezeit" />
	<meta name="twitter:data1" content="1 Minute" />
<script type="application/ld+json" class="yoast-schema-graph">{"@context":"https:\/\/schema.org","@graph":[{"@type":"WebPage","@id":"https:\/\/www.casavivagarda.com\/de\/kontakt-anfahrt\/","url":"https:\/\/www.casavivagarda.com\/de\/kontakt-anfahrt\/","name":"Anfahrt Casa Viva Garda • Nachhaltiger Urlaub am Gardasee","isPartOf":{"@id":"https:\/\/www.casavivagarda.com\/de\/#website"},"primaryImageOfPage":{"@id":"https:\/\/www.casavivagarda.com\/de\/kontakt-anfahrt\/#primaryimage"},"image":{"@id":"https:\/\/www.casavivagarda.com\/de\/kontakt-anfahrt\/#primaryimage"},"thumbnailUrl":"https:\/\/www.casavivagarda.com\/wp-content\/uploads\/2022\/07\/casa-viva-garda-panoramica-lago-garda.jpeg","datePublished":"2022-06-08T16:03:10+00:00","dateModified":"2022-07-21T21:53:25+00:00","description":"Casa Viva liegt am Gardasee, zwischen Garda und Costermano, 10 km von der Autobahnausfahrt in Affi und 3 km von den Stränden entfernt. Wir freuen uns auf dich.","breadcrumb":{"@id":"https:\/\/www.casavivagarda.com\/de\/kontakt-anfahrt\/#breadcrumb"},"inLanguage":"de","potentialAction":[{"@type":"ReadAction","target":["https:\/\/www.casavivagarda.com\/de\/kontakt-anfahrt\/"]}]},{"@type":"ImageObject","inLanguage":"de","@id":"https:\/\/www.casavivagarda.com\/de\/kontakt-anfahrt\/#primaryimage","url":"https:\/\/www.casavivagarda.com\/wp-content\/uploads\/2022\/07\/casa-viva-garda-panoramica-lago-garda.jpeg","contentUrl":"https:\/\/www.casavivagarda.com\/wp-content\/uploads\/2022\/07\/casa-viva-garda-panoramica-lago-garda.jpeg","width":1400,"height":1076,"caption":"Casa Viva tra Garda e Costermano, Vista Panoramica"},{"@type":"BreadcrumbList","@id":"https:\/\/www.casavivagarda.com\/de\/kontakt-anfahrt\/#breadcrumb","itemListElement":[{"@type":"ListItem","position":1,"name":"Home","item":"https:\/\/www.casavivagarda.com\/de\/"},{"@type":"ListItem","position":2,"name":"kontakt"}]},{"@type":"WebSite","@id":"https:\/\/www.casavivagarda.com\/de\/#website","url":"https:\/\/www.casavivagarda.com\/de\/","name":"Casa Viva","description":"eco sleep • bio pool","potentialAction":[{"@type":"SearchAction","target":{"@type":"EntryPoint","urlTemplate":"https:\/\/www.casavivagarda.com\/de\/?s={search_term_string}"},"query-input":{"@type":"PropertyValueSpecification","valueRequired":true,"valueName":"search_term_string"}}],"inLanguage":"de"}]}</script>
<!-- / Yoast SEO plugin. -->

Casa Viva liegt am Gardasee, zwischen Garda und Costermano, 10 km von der Autobahnausfahrt in Affi und 3 km von den Stränden entfernt. Wir freuen uns auf dich.
